t common divisor of 50 and q.
10
Suppose -3*a - 11 = -4*a. Let x(y) = 4*y - 5. Let v be x(4). Calculate the highest common divisor of a and v.
11
Let m be 2 + 1*(0 + -21). Let y = m - -27. Calculate the highest common factor of y and 20.
4
Suppose -4*t - 1 - 11 = 0. Let p = 6 + t. What is the greatest common factor of 33 and p?
3
Let g = 14 - -11. Let h be g - ((1 - 0) + -2). What is the highest common divisor of h and 65?
13
Let w = 20 - 14. Calculate the greatest common factor of w and 24.
6
Suppose 0 = 3*q - 2*a - 35, 2*q - 2 = 4*a + 16. Let z be (q - 1)/(5/30). Suppose -109 = -5*j - 19. Calculate the greatest common divisor of j and z.
18
Let j(w) = w**2 - 1. Let y be j(4). Suppose -s - o + 4*o + 4 = 0, -2*s + 4*o + 10 = 0. Let z = s - 1. What is the highest common factor of z and y?
3
Let g(l) = 12*l**2. Let x be g(-1). Suppose -t + x = -0. Suppose -23 = 2*r - 59. What is the highest common divisor of r and t?
6
Let x = 42 + -68. Let f = 36 + x. Calculate the highest common factor of 110 and f.
10
Let d(m) = 3*m - 12. Let w be d(-9). Let c = w - -215. Calculate the greatest common divisor of 16 and c.
16
Suppose -3*x = -0 - 18. Let a be (49/(-21))/((-1)/x). What is the highest common divisor of a and 7?
7
Let v(h) = h - 6. Let t be v(7). Calculate the highest common divisor of 1 and t.
1
Let t = 185 + -170. What is the greatest common factor of t and 105?
15
Let m(a) = 2*a - 4. Let w be m(7). Let u be 2795/20 + (-1)/(-4). Let p be (-2)/(-4)*(u - 0). What is the greatest common divisor of w and p?
10
Suppose 0 = -4*g - n + 38, 0 = 4*g - 4*n - 0*n - 28. What is the greatest common divisor of 9 and g?
9
Let o(x) = -x - 32*x**3 + 0*x**3 - 15*x**3. Let a be o(-1). Calculate the greatest common factor of 12 and a.
12
Let u be (-1)/3 - (-894)/9. Suppose -3 = c + 3. Let m be c/(-8) - 41/(-4). Calculate the highest common divisor of u and m.
11
Suppose -18 = -2*t - 0*t - 2*u, -2*t + 5*u + 11 = 0. Suppose 4*y - 5*x - t = 0, -3*x + 55 = 3*y + 22. Calculate the greatest common factor of y and 35.
7
Let f(r) = -14*r - 10. Let l be f(-5). Calculate the greatest common divisor of l and 12.
12
Let x(s) = -s**2 + 22*s + 8. Let t be x(18). What is the greatest common factor of 10 and t?
10
Let o = 3 - -4. Suppose -328*v - 56 = -330*v. What is the highest common divisor of o and v?
7
Let u(t) = t**2 - 7*t. Let r be u(8). What is the highest common divisor of 40 and r?
8
Let p(u) = u**3 + 6*u**2 + u + 6. Let n be p(-6). Let f be ((n - 3)/(-3))/(-1). Let l be (336/(-3))/f + 0. Calculate the greatest common factor of 16 and l.
16
Let v be (-1)/4 - 61/(-4). Let c be 2 + (-43)/4*(2 - 6). What is the greatest common divisor of c and v?
15
Let l be (-30)/2*(-8 + 3). Calculate the greatest common factor of 15 and l.
15
Suppose -5*s + 10 = 0, 175 - 43 = 2*d - 4*s. Let x(o) = 8*o - 2. Let b be x(2). Calculate the highest common divisor of b and d.
14
Suppose -3*m + 4*p = -4, -2 = -2*m + 5*p + 3. Suppose 7*o - 4*o - 48 = m. What is the greatest common divisor of o and 128?
16
Let x(q) = q**3 + 2*q**2 + 3*q + 3. Let u be x(-2). Let m be 2/(3*u/(-27)). Let p = m - -2. What is the greatest common divisor of p and 20?
4
Suppose -11*s + 5*s - 12 = 0. Let r = -14 + 22. Let x = r - s. What is the greatest common factor of 70 and x?
10
Let o be -1 + 3 - (-2 - -3). Suppose -o = -n + 20. Suppose 3*j - 23 - 19 = 0. Calculate the highest common factor of n and j.
7
Let d be 3/1 + -2 + 24. Suppose 0 = -2*r - 0*r + 40. Let l = r + d. Calculate the greatest common divisor of 9 and l.
9
Suppose -5*f + 2*f + 10 = 2*d, 0 = -2*f + 4*d - 20. Suppose f = 2*i - 5*i + 21. Calculate the highest common divisor of i and 63.
7
Let i = -185 - -265. Calculate the highest common factor of 16 and i.
16
Let t(h) = h**3 + 6*h**2 + 4. Let j be t(-6). Calculate the greatest common divisor of 6 and j.
2
Suppose 10 = -3*f - 2. Let x be (-139)/(-4) - f/16. Let c be (-129)/(-9) + (-1)/3. What is the greatest common divisor of x and c?
7
Let c be (-147 + 1)*(-1 + -1). Suppose 5*r - 44 = -i + 8, c = 4*i - r. Calculate the highest common factor of 9 and i.
9
Let a(f) = f + 3. Let v be a(7). Suppose -5*m - 70 = -0*u - u, 16 = 4*m. What is the highest common factor of u and v?
10
Let j = -3 - -12. What is the greatest common factor of 45 and j?
9
Suppose 0 = y - 3*v - 38, 5*v - 86 = -y - 2*y. What is the greatest common factor of 4 and y?
4
Let n(i) = 4*i**2 + 12*i - 8. Let b be n(-6). What is the highest common factor of 16 and b?
16
Let j be 1/1*5 + 1. Let c = -4 + j. Calculate the greatest common divisor of 16 and c.
2
Let r(y) = 3*y + 14. Let h(d) = 8*d + 42. Let w(m) = 4*h(m) - 11*r(m). Let s be w(9). What is the greatest common divisor of s and 2?
1
Let d be 11*-1*9/3. Let p be 8/(-6)*d/2. Calculate the highest common factor of 33 and p.
11
Suppose -3*x - x = -260. Let k(g) = -4*g + 37. Let s be k(6). Calculate the greatest common divisor of x and s.
13
Let f = 8 - 2. Let m be ((-27)/f)/((-6)/(-16)). Let g be (182/(-8))/(3/m). What is the greatest common divisor of 13 and g?
13
Let c be 242/(-4) - 2/4. Let t = 93 + c. Let b be 11 + 3/((-1)/1). What is the highest common divisor of t and b?
8
Let f(o) = o**3 + 4*o**2 + 4*o + 3. Let g be -2*(-2 + 9/3). Let c be f(g). Let t = 2 + c. Calculate the greatest common divisor of t and 2.
1
Let v be ((-7)/(-2))/(2/4). Suppose 0*l + l = 7. Calculate the highest common divisor of l and v.
7
Suppose 5*m = 6 + 4. Let h(j) = 2*j + 50. Let q be h(-14). Calculate the greatest common divisor of q and m.
2
Let l(v) = 6*v + 2. Let p(j) = j**2 + 5*j + 5. Let s be p(-5). Let o be l(s). Suppose 5 = -c + 13. What is the greatest common factor of c and o?
8
Suppose -3*w - 9 = 0, 3*o - 2*o = -4*w - 2. Calculate the greatest common divisor of o and 70.
10
Suppose 5*z + 4 = 139. Calculate the highest common factor of 27 and z.
27
Let z = -106 - -73. Let w be (-1)/((3/z)/1). Suppose -3*t - y + 38 = 0, -4*t + 0*y + 64 = 4*y. What is the highest common divisor of w and t?
11
Suppose 5*u - 475 = 5*k, 5*u + 2*k + 38 = 485. Suppose 8*x + 3*l - u = 3*x, 0 = 2*x + 4*l - 28. What is the highest common divisor of x and 4?
4
Let q(c) = -c - 1. Let v(z) = -z - 3. Let d(a) = 2*q(a) + v(a). Let g be d(-6). Let k be (2/(-2))/(1/(-65)). Calculate the highest common divisor of k and g.
13
Suppose -8*q = -9*q + 12. Suppose 146 = 4*a - 94. Calculate the highest common divisor of q and a.
12
Let m(u) = -u**2 - 5*u + 6. Let c be m(-5). Suppose 10 + 18 = 4*i. Let n(s) = s - 5. Let a be n(i). What is the highest common factor of c and a?
2
Suppose -2*s = -0*s + 4. Let f be ((-63)/(-6) + s)*2. Let r = 28 - f. What is the greatest common divisor of 11 and r?
11
Let x(z) = -9*z**3 - z**2 - z - 1. Let i be x(-1). Suppose 4*d = 8*d. Suppose -4*u + u + 192 = d. What is the highest common factor of u and i?
8
Let s(r) = 2*r**3 + 4*r**2 - 4*r - 8. Let p be s(5). What is the greatest common factor of 46 and p?
46
Let q be 1*1/2*26. Let t = -70 + 83. Calculate the greatest common factor of q and t.
13
Let l = 35 + 6. Let n = l - -7. Suppose 0 = 2*p - 5*p + n. Calculate the highest common divisor of p and 16.
16
Let h be (-6)/1 + 0 - -1. Let z(c) = -c**2 - 6*c. Let y be z(h). What is the highest common factor of y and 40?
5
Let b(n) = -n**2 + 10*n + 2. Let d be b(9). Let c(m) = m - 2. Let l be c(3). What is the greatest common factor of l and d?
1
Let r = -9 + 41. What is the greatest common factor of r and 4?
4
Suppose b + 1166 = 3*o, 4*o - 1115 = b + 441. Let v = -230 + o. Calculate the greatest common factor of 20 and v.
20
Suppose -3*b - 6*b + 72 = 0. What is the greatest common factor of b and 28?
4
Suppose -2*b - 3 = -q - 4*b, 3*q + 3*b - 9 = 0. Suppose q*k + 2*m - 551 = -0*m, 5*m = -25. What is the highest common divisor of k and 17?
17
Let p(b) be the first derivative of 5*b**2 - 4*b + 2. Let c be p(3). Calculate the greatest common divisor of c and 39.
13
Suppose -50 = 2*s - 7*s. Suppose 2*w - s = -0*w. Let y = 7 - w. Calculate the greatest common factor of y and 10.
2
Let k be (2/(-4))/((-1)/(-4)). Let n be -1*(-1 + -11) + k. Let h be ((-4)/(-12))/(3/18). Calculate the highest common factor of h and n.
2
Suppose 0 = 7*p - 53 - 73. What is the highest common divisor of p and 144?
18
Suppose -t + o = -6